 u = w + s. What is the hundreds digit of u?
1
Let q be 156/9*3/2. Let y(j) = -8 - j**2 - q + 2*j - 24*j + 7. What is the tens digit of y(-17)?
5
Let g(o) = 159*o - 2. Let a be g(1). Let n(i) = -i**2 - 166 + 0*i**2 + a + 4*i + 4*i**2. What is the units digit of n(4)?
5
Suppose 201*m = 185*m + 121088. What is the units digit of m?
8
Suppose 124 + 3 = 7*p + 8. Let q be 4/14 - 1046/(-14). Let z = q - p. What is the units digit of z?
8
Let c = -3571 + 3531. Suppose 6*s = s - 225. Let q = c - s. What is the units digit of q?
5
Let i(r) = -26*r - 98. Let x be i(-4). Suppose 108 = x*z - 588. What is the hundreds digit of z?
1
Let q(d) = d**3 - 16*d**2 - 17*d - 1. Let u be 2/(-3) + ((-112)/(-6) - 1). Let n be q(u). What is the tens digit of ((-3)/n)/3 + 58?
5
Let d(a) = -a**2 + 8*a - 8. Let v be d(6). Suppose -147 = 2*h - h - t, -v*t + 300 = -2*h. What is the hundreds digit of 1 - 11/9 - 16304/h?
1
Suppose 2*n + 6*i = 9*i + 30, 0 = -n - 2*i + 8. Let a = n + -15. What is the units digit of (4 - 0) + a + (0 - -84)?
5
What is the ten thousands digit of (-2 + -7)*(165/(-110) - 12873/6)?
1
Let a(u) = -6*u**2 + 5*u + 25603. What is the units digit of a(0)?
3
Let b = 24409 + -23063. What is the thousands digit of b?
1
Suppose -v + 4*m - 139 = 0, m = -2*v - m - 228. Let w be v/(-34) + (-6)/4. Suppose -w*i + 180 + 80 = 0. What is the tens digit of i?
3
Suppose -222816 + 26731 = -156*z - 20429. What is the thousands digit of z?
1
Let w = -82 + 6. What is the units digit of w/56*-4*21?
4
Let x = -1275 + 741. Let f = 1425 + x. What is the hundreds digit of f?
8
Suppose 0 = -2*a + 2910*w - 2911*w + 55655, a = -4*w + 27845. What is the tens digit of a?
2
Let n = -1967 - -21117. What is the hundreds digit of n?
1
Let a(v) = 26*v + 13. Let m be ((126/35)/3)/((-2)/5). Let u be (m - (-6 + 2)) + 2. What is the tens digit of a(u)?
9
Let w = -106 + 116. Let i(z) = 3*z - 21. Let d be i(w). Suppose 1498 = d*c - 482. What is the tens digit of c?
2
Suppose -49*n = -16335 - 1776 - 13445. What is the hundreds digit of n?
6
Let z(r) = 22*r**2 + 56*r + 693. What is the hundreds digit of z(-9)?
9
Suppose 0 = -3*p + 1425 + 744. Suppose 5*z + 3*f = 1205, z - 3*f = 4*z - p. What is the hundreds digit of z?
2
Let m(z) = -7*z**3 - 22*z**2 - 9*z - 40. What is the tens digit of m(-10)?
5
Let h = 119 - 113. Suppose 842 = h*q - 706. What is the tens digit of q?
5
Let t(n) = 64 - 808*n + 807*n - 34 + 68. What is the units digit of t(-27)?
5
What is the hundreds digit of (-17)/(-102)*-3201*-4?
1
Let z(n) = n**2 + 5*n + 50. Let d be z(-7). What is the tens digit of (-1)/8 + 29448/d?
6
Let s = -1442 + 1875. What is the units digit of s?
3
Let u = 208 + -206. Suppose u*k - 6*k = -2*d + 254, 0 = -3*d - 5*k + 425. What is the units digit of d?
5
Let f be (-48)/(-32)*16/3. What is the thousands digit of 3/9*5206 + f/(-6)?
1
Suppose 23*c - 12*c = 8492. Let u = c - 417. What is the hundreds digit of u?
3
Let k be 4/(-10) - 1056/(-240). Suppose 2*j + 123 = n, -572 + 98 = -k*n - j. What is the hundreds digit of n?
1
Let a = 86 + -94. Let c be 27/(-6)*a/12. What is the units digit of (538/6)/(16/(-6) + c)?
9
Let l = 56 + -50. Let d be (2 - 21/l)/(15/(-40)). Suppose 3*k = 3, d*k = -2*t + t + 121. What is the tens digit of t?
1
Let u(h) = -4025*h - 207. What is the units digit of u(-2)?
3
Let j(k) be the first derivative of -k**2/2 - 2*k - 1. Let t be j(-6). Suppose 2*i + 4*v - 5*v = 189, 5*i - t*v = 468. What is the units digit of i?
6
Let o = -1730 + 2657. Suppose 8*k = 897 + o. What is the tens digit of k?
2
Let t = 33716 + -19708. What is the ten thousands digit of t?
1
Suppose 4*g - 723 = 733. Let u = -447 + 447. Suppose 2*q - 4*i - 142 = 0, 4*q + q - i - g = u. What is the tens digit of q?
7
Let i = 420 + -418. Suppose 5*t = 4*b - 87, 13*b - 9*b - 66 = -i*t. What is the tens digit of b?
1
Let m(o) = 10*o + 10. Suppose -b = 4*k - 12, -3*k + 23 = 4*b + 1. Suppose -39 = -b*w + 2*s - 1, -5*s = 2*w - 13. What is the units digit of m(w)?
0
What is the hundreds digit of 4894248/342 + (-2)/(-6)?
3
Let j(y) = y**2 + 77*y + 267. Let x be j(0). Let k(m) = -7*m**2 + 3*m + 2. Let c be k(-3). Let o = x + c. What is the units digit of o?
7
Suppose 3*x = 6, 4*a + 6*x - 2*x - 16 = 0. Suppose -5*k + 997 = a*y, -16*y + 4*k - 1976 = -20*y. What is the tens digit of y?
9
Suppose 0 = 27*i - 33*i + 102. Suppose -i*v = -12*v - 1990. What is the hundreds digit of v?
3
Suppose -9559*y + 9523*y = -544284. What is the ten thousands digit of y?
1
Suppose 8*b = -30*b - 328271 + 1553619. What is the units digit of b?
6
Suppose 81 = -d + 86. Suppose -d*b = -0*b + 670. Let l = -102 - b. What is the tens digit of l?
3
Suppose 3*j = 16 - 10. Let k(i) = -2*i - 14. Let v be k(-9). Suppose 4*t + 268 = 4*g, v*g - 3*t - j*t - 268 = 0. What is the tens digit of g?
6
Suppose -20*u + 129892 = 18*u - 10*u. What is the thousands digit of u?
4
Suppose -4*n + 5 = -3*n. Let i be n + -4*4/8. Suppose i*u - 20 = u. What is the tens digit of u?
1
Let c = 101 - 58. Let y = c - 69. What is the tens digit of (-2 + y/(-3))*(-27)/(-2)?
9
Suppose 73355 = 5*n + 5*o, -5*n + 2*o + 7109 = -66239. What is the tens digit of n?
7
Let n(d) = -87*d + 10. Let k be n(8). Let z = -444 - k. What is the units digit of z?
2
Suppose -3*z - 4*p - 102 = -12504, -z - 5*p = -4145. What is the thousands digit of z?
4
Let n = 122 - 117. Suppose -3803 = -6*j + 2*j + 5*i, i = n*j - 4738. What is the tens digit of j?
4
Suppose -8307 + 23097 = k. What is the tens digit of k/50 + (-12)/(-10)?
9
Let p(g) = -425*g**3 + 2*g**2 + 2*g + 13. What is the hundreds digit of p(-3)?
5
Let w(f) be the third derivative of -f**6/120 - 13*f**5/30 + 11*f**4/12 + 31*f**3/6 + 2*f**2 + 7. What is the hundreds digit of w(-27)?
1
Let c be (-1)/2*2 + 0. Let i be ((15 - 14) + 0 + 1)*-8. What is the tens digit of (-1 + c)*1192/i?
4
Let m be 0 + 0 - (15 + -20). Let l(v) = 2*v**2 - 7*v - 1. Let g be l(m). Suppose -g*z + 774 - 4 = 0. What is the units digit of z?
5
Suppose 2*j = 11*l - 8*l - 14120, -4*l + 5*j + 18822 = 0. What is the units digit of l?
8
Let f(y) = y**3 + 6*y**2 - 2*y + 11. Let o(l) = -7*l + 6. Let a be o(2). Let t be f(a). Let j = 164 + t. What is the units digit of j?
3
Let l(t) be the third derivative of t**6/120 - t**5/15 - 7*t**4/24 + 5*t**3/6 + 11*t**2. Let i be l(5). What is the tens digit of (i/4*17)/(4/(-16))?
8
Let r be (52/(-4))/((-8)/(31 - -9)). Let a = 49 - 23. What is the units digit of 2890/a + (-10)/r?
1
Let g(w) = 19*w**2 - 86*w + 111. What is the units digit of g(18)?
9
Let r(c) = 4*c**2 + 3*c**3 - 3*c - 4 + c**3 + c. Let z be r(2). Suppose 5*l + z = 2*u + 305, 0 = 4*l - 2*u - 210. What is the tens digit of l?
5
Let s = 114 + -112. Suppose -a - 82 - 281 = s*w, -3*a = w + 189. Let v = 415 + w. What is the tens digit of v?
3
Let k be 12 + (9 - 8) + 3. Suppose -k*m = -14*m - 3090. What is the thousands digit of m?
1
Suppose 0 = -70*l + 66*l - 56. What is the units digit of l/(-10) + (-3144)/(-15)?
1
Suppose -48 = -8*b - 0*b. Suppose -5*z = -2*t + 339, 0 = b*t - t + 2*z - 862. What is the units digit of t?
2
Suppose 6*g - 11*g = -5. What is the hundreds digit of ((-488)/(-12))/(5*g/105)?
8
Let g be (3 - 16/4)*(-1 + 0). Let f(c) = c**2 - 1. Let d(l) = 145*l**2 + 2*l + 4. Let u(k) = g*d(k) + 6*f(k). What is the hundreds digit of u(1)?
1
Let v = 1200 - -86. What is the tens digit of v?
8
Let m be 5*1/5*1227/3. Suppose 2*p = -m + 457. What is the tens digit of p?
2
Let f(q) = -27*q + 8. Let m be f(-6). Let i be -1 + m + (2 - 1) + -1. Let b = i + 77. What is the hundreds digit of b?
2
Let q = -5402 + 8661. What is the hundreds digit of q?
2
Let b(x) be the third derivative of 11*x**5/30 - x**4/3 - 5*x**3/3 + 21*x**2. Let h be b(-3). What is the hundreds digit of h/6*90/20?
1
Let o = -382 - -626. Let g be (-14)/35 - o/(-10). Suppose g*x = 23*x + 13. What is the tens digit of x?
1
Let d = 614 - 1600. Let r = d - -1442. What is the tens digit of r?
5
Let g(j) be the third derivative of -131*j**6/24 - j**5/30 - j**4/12 + 187*j**2. What is the hundreds digit of g(-1)?
6
Suppose -12 = -8*c + 5*c. Let o be 19/c + -4 - (-493)/4. Let y = -98 + o. What is the tens digit of y?
2
What is the tens digit of ((-630)/7)/((-72)/3216)?
2
Suppose 4*x + 356 = 8828. Suppose -5*v + 2*v + x = 0. What 